e remainder when 79285118 is divided by 717?
692
What is the remainder when 728327 is divided by 703?
19
Calculate the remainder when 30309729 is divided by 19.
17
Calculate the remainder when 1037086 is divided by 2006.
1990
Calculate the remainder when 25605152 is divided by 38.
30
Calculate the remainder when 204625 is divided by 20408.
545
Calculate the remainder when 447528345 is divided by 14.
5
Calculate the remainder when 6813150 is divided by 79.
32
What is the remainder when 632838 is divided by 8010?
48
What is the remainder when 27688163 is divided by 326?
5
Calculate the remainder when 20757 is divided by 3628.
2617
What is the remainder when 12846 is divided by 4036?
738
Calculate the remainder when 28715 is divided by 25868.
2847
Calculate the remainder when 1736168 is divided by 96.
8
Calculate the remainder when 14863077 is divided by 23.
17
What is the remainder when 1036663 is divided by 329?
313
What is the remainder when 27339 is divided by 3709?
1376
Calculate the remainder when 811592 is divided by 161.
152
What is the remainder when 120830 is divided by 112511?
8319
What is the remainder when 1433168 is divided by 145?
133
Calculate the remainder when 563892 is divided by 46988.
36
Calculate the remainder when 20233746 is divided by 546858.
0
Calculate the remainder when 1248363 is divided by 82.
77
Calculate the remainder when 4422488 is divided by 186.
152
What is the remainder when 6844150 is divided by 195543?
145
Calculate the remainder when 14074893 is divided by 14074887.
6
Calculate the remainder when 146069727 is divided by 16.
15
Calculate the remainder when 8517 is divided by 2481.
1074
What is the remainder when 80908 is divided by 13299?
1114
Calculate the remainder when 108196 is divided by 5071.
1705
What is the remainder when 325409 is divided by 25030?
19
Calculate the remainder when 884227889 is divided by 5187.
5186
Calculate the remainder when 587039 is divided by 213.
11
Calculate the remainder when 859685 is divided by 121.
101
What is the remainder when 1725675 is divided by 23631?
612
Calculate the remainder when 1334799 is divided by 110.
59
What is the remainder when 3143619573 is divided by 172?
169
What is the remainder when 10281490 is divided by 114?
58
Calculate the remainder when 588745 is divided by 62.
55
What is the remainder when 211014 is divided by 7536?
6
What is the remainder when 216076 is divided by 10774?
596
What is the remainder when 11279167 is divided by 177?
19
Calculate the remainder when 710566 is divided by 6288.
22
Calculate the remainder when 937321 is divided by 113.
99
What is the remainder when 169681 is divided by 419?
405
What is the remainder when 8559837 is divided by 407?
220
Calculate the remainder when 3496866 is divided by 874.
866
Calculate the remainder when 6928003 is divided by 1731998.
11
What is the remainder when 988484782 is divided by 1283?
1281
Calculate the remainder when 2796838 is divided by 659.
42
Calculate the remainder when 607650 is divided by 1027.
693
What is the remainder when 223392 is divided by 111605?
182
Calculate the remainder when 803080 is divided by 1691.
1546
What is the remainder when 505924 is divided by 505856?
68
Calculate the remainder when 22173 is divided by 9917.
2339
Calculate the remainder when 4931 is divided by 4121.
810
What is the remainder when 8994236 is divided by 74?
54
What is the remainder when 83038 is divided by 1356?
322
What is the remainder when 61170995 is divided by 5879?
0
What is the remainder when 186072 is divided by 92958?
156
What is the remainder when 8787215 is divided by 976357?
2
What is the remainder when 22656 is divided by 22620?
36
What is the remainder when 39541 is divided by 1032?
325
What is the remainder when 14320486 is divided by 43?
24
What is the remainder when 55469 is divided by 3931?
435
What is the remainder when 140047 is divided by 82?
73
Calculate the remainder when 117619 is divided by 6159.
598
What is the remainder when 1724543 is divided by 1191?
1166
What is the remainder when 39064 is divided by 6502?
52
What is the remainder when 13227 is divided by 145?
32
Calculate the remainder when 6396753 is divided by 8097.
123
What is the remainder when 2391122 is divided by 70327?
4
Calculate the remainder when 3451 is divided by 3405.
46
What is the remainder when 1861691 is divided by 1501?
451
Calculate the remainder when 2638142 is divided by 21.
17
Calculate the remainder when 48742331 is divided by 2707907.
5
What is the remainder when 21262890 is divided by 1932987?
33
Calculate the remainder when 8387831 is divided by 1344.
1271
Calculate the remainder when 1601515 is divided by 13806.
19
Calculate the remainder when 15330420 is divided by 127.
123
Calculate the remainder when 34765371 is divided by 34.
31
Calculate the remainder when 24636 is divided by 231.
150
What is the remainder when 27561 is divided by 2613?
1431
Calculate the remainder when 317886657 is divided by 4914.
4911
Calculate the remainder when 1325981 is divided by 1184.
1085
What is the remainder when 7342 is divided by 923?
881
What is the remainder when 4786612 is divided by 108786?
28
What is the remainder when 2073037 is divided by 690657?
1066
Calculate the remainder when 4865191 is divided by 13980.
151
Calculate the remainder when 6439 is divided by 3368.
3071
Calculate the remainder when 561347 is divided by 22.
17
Calculate the remainder when 35690170 is divided by 3965574.
4
What is the remainder when 6164072 is divided by 3082032?
8
What is the remainder when 34423 is divided by 2508?
1819
What is the remainder when 1550269 is divided by 775123?
23
What is the remainder when 19603648 is divided by 12838?
22
Calculate the remainder when 456753 is divided by 1538.
1505
Calculate the remainder when 366 is divided by 42.
30
Calculate the remainder when 59009528 is divided by 68298.
56
Calculate the remainder when 975446 is divided by 2107.
2012
Calculate the remainder when 61257 is divided by 165.
42
What is the remainder when 21866 is divided by 1951?
405
Calculate the remainder when 249028 is divided by 35574.
10
Calculate the remainder when 7931264 is divided by 397.
395
Calculate the remainder when 6061703 is divided by 154.
109
What is the remainder when 8822600 is divided by 469?
241
Calculate the remainder when 3453484 is divided by 1151115.
139
Calculate the remainder when 3611170 is divided by 35059.
93
What is the remainder when 26555847 is divided by 158?
155
What is the remainder when 41490810 is divided by 5186351?
2
Calculate the remainder when 6996231 is divided by 2575.
2531
Calculate the remainder when 266972 is divided by 133433.
106
Calculate the remainder when 18100745 is divided by 34.
29
What is the remainder when 151505 is divided by 9924?
2645
Calculate the remainder when 10272257 is divided by 1653.
515
What is the remainder when 115009494 is divided by 4?
2
Calculate the remainder when 2247073 is divided by 440.
433
Calculate the remainder when 3378958 is divided by 15289.
89
Calculate the remainder when 59197 is divided by 519.
31
Calculate the remainder when 2920568 is divided by 26794.
22
Calculate the remainder when 5499844411 is divided by 827.
826
Calculate the remainder when 7085695 is divided by 1747.
1610
Calculate the remainder when 374015 is divided by 5195.
5170
What is the remainder when 442556 is divided by 32?
28
What is the remainder when 333103 is divided by 3203?
3194
Calculate the remainder when 3618535 is divided by 26.
11
What is the remainder when 36952 is divided by 18118?
716
What is the remainder when 2447110 is divided by 905?
895
What is the remainder when 48762882 is divided by 4261?
4259
What is the remainder when 887790 is divided by 295869?
183
Calculate the remainder when 2553201 is divided by 17248.
497
What is the remainder when 3753889 is divided by 1952?
193
What is the remainder when 36129285 is divided by 4516159?
13
What is the remainder when 7519214 is divided by 3759598?
18
What is the remainder when 85004 is divided by 14158?
56
What is the remainder when 1285630 is divided by 72?
70
What is the remainder when 75962 is divided by 1811?
1711
Calculate the remainder when 8853782 is divided by 4271.
4270
What is the rema